r**2 + r**2. Suppose 4*h = 5*h - 2. Determine u(h).
0
Let l = -54 + 63. Let p(g) = -g + 15. Determine p(l).
6
Let u(g) = g**2 - 2*g - 3. Let m = -16 - -19. Determine u(m).
0
Let p = 7 - 5. Suppose 4*v - 2*v = 4*l - 8, p*l = 5*v - 4. Let q(c) = -c**3 + 7 - 6*c**v - 3 + 4*c - 5*c + 3*c**2. Give q(-3).
7
Let q(r) = 4*r. Let a(h) = -2*h**3 + h**2. Suppose 0 = -2*o - 5*n - 7, 0 = 2*o + n - 1 + 4. Let w be a(o). Let x be -1 - w/(1 + 2). Determine q(x).
-8
Let b(u) = u**2 - 16*u - 6. Let j be b(16). Let t(m) = -m**3 - 6*m**2 - 2*m - 6. Calculate t(j).
6
Let f(m) = -m**2 + 3*m - 3 - 3*m**2 + m**3 - m. Let q(s) be the first derivative of -s**2/2 - 5*s + 1. Let a be q(-8). Give f(a).
-6
Let g(n) be the second derivative of -1/3*n**4 + 2*n - 1/20*n**5 + 5/2*n**2 + 0 + 0*n**3. What is g(-4)?
5
Let h(b) = -b**2 - b. Let u be h(0). Let t(z) = z**3 - z - 9. Give t(u).
-9
Let d(m) be the second derivative of 1/6*m**4 + m - 1/30*m**5 + 0 + 1/360*m**6 + 1/2*m**3 + 0*m**2. Let i(w) be the second derivative of d(w). Determine i(3).
1
Let g(j) = j**2 - 5*j + 4. Let n be g(4). Let c = 0 - -6. Let y(l) = -l**2 + l + c + 0 + 0. Determine y(n).
6
Let h(w) = 29*w**3 + 5*w**2 + 25*w**3 - 55*w**3 - 3*w - 7. What is h(5)?
-22
Suppose 0 = -2*i - 0*i - 2. Let p be 2 - 4 - 3/i. Let k(t) = t**3 - t + 1. Let y(c) = -11*c**3 + 2*c**2 + 5*c - 6. Let o(b) = -6*k(b) - y(b). Calculate o(p).
4
Suppose 17 = 3*z + 2. Let d(w) be the third derivative of 0 - 1/24*w**4 + 1/60*w**z - 2/3*w**3 - 2*w**2 + 0*w. Give d(0).
-4
Let h(m) be the third derivative of m**6/120 - m**5/12 + m**4/24 - 5*m**3/6 - m**2. Let o be 24/(-9)*(1 - -2). Let c be 4 + -1 - o/4. Calculate h(c).
0
Let w = 30 + -30. Let b(c) be the first derivative of -c**2/2 - 5*c - 4. What is b(w)?
-5
Let c(j) = 2*j - 5. Let s be 3*(-1 - 21/(-9)). Suppose -5*n + 24 = s*t, -8*t + 3*t + 2*n + 30 = 0. Let i = 11 - t. Determine c(i).
5
Let r(y) = 5*y**2 + 11*y + y**3 + 3 - 5*y + 1 + 0. Suppose -4*x - 26 = -10. What is r(x)?
-4
Suppose -s - 33 = -33. Let k(p) be the third derivative of 2/3*p**3 + 0*p**4 + s*p + 2*p**2 + 1/120*p**6 + 0 + 1/30*p**5. What is k(-3)?
-5
Suppose 0 = -4*k + 3*k - r - 27, -2*r = -k - 21. Let f be (-10)/k + 54/(-10). Let n(v) = -v - 7. Let u(m) = m + 4. Let z(x) = -2*n(x) - 5*u(x). Give z(f).
9
Suppose -12 = a + 2*a. Let l(v) be the first derivative of -3*v**2/2 - 5*v - 2. Give l(a).
7
Let r(h) = h**3 - h + 3. Let j be 23/2 - (-2)/4. Let c be (-1)/(-4) + (-15)/j. Let p be c + (2 + -3)/(-1). Give r(p).
3
Suppose u - 6*u - 45 = -5*z, -6 = z + 4*u. Suppose z = -d - d. Let o(q) = q**3 + 2*q**2 - 3*q + 2. Determine o(d).
2
Let o = 0 - 0. Suppose -3*a = -2*k + 7, o*k - 3*k + 3*a + 3 = 0. Let b(m) = 9*m - 1. Let s(l) = 13*l - 1. Let i(w) = -3*b(w) + 2*s(w). Give i(k).
5
Let v(l) be the second derivative of l**4/12 - 7*l**3/6 + 2*l**2 + 8*l. Calculate v(5).
-6
Let k(q) = 5*q**2 - 3*q - 2. Let f be k(-2). Suppose -4*a + 0*a + f = 0. Let u(x) = -1 - x - a*x**3 + x**2 + x. Determine u(1).
-6
Let f(c) = 3*c**3 - 3*c**2 - 2*c + 1. Let i be f(-1). Let b(v) = 3 + 4*v - 6*v + 3*v. What is b(i)?
0
Let b(l) = -3*l - 2. Let k(c) = 3*c + 3. Let p(o) = 5*b(o) + 4*k(o). Let z be 4/(-2) - 4*-1. Give p(z).
-4
Let g = 1 - -20. Suppose 0 = p + 2*x - 1 - 1, 5*p - x = g. Let y(u) = -u - 1. Determine y(p).
-5
Let n(r) = -r**2 - 4*r + 11. Let j be n(-5). Let o(k) = k**2 - 6*k - 5. Give o(j).
-5
Let i = 12 + -9. Let o(z) = 2*z**2 - 2*z - 3. What is o(i)?
9
Let x(v) be the third derivative of v**6/120 + v**5/12 - v**3/6 - 5*v**2. Suppose -5*j = 6 + 19. Calculate x(j).
-1
Let y(o) be the second derivative of -o**4/6 + o**3/6 - 15*o. Give y(2).
-6
Let i(o) be the second derivative of 5*o - o**2 + 0 - 1/3*o**3. Give i(2).
-6
Let l(c) = 2 + c - 3 - 3*c - c**2. Suppose 6*m - 3*m - 15 = 0. Suppose m*b + 16 = b. Determine l(b).
-9
Let z(u) = -u**3 + 4*u**2 + 5*u + 5. Let i be (-50)/(-8) + 3/(-12). Let v be 6/(-12) - (-1)/(-2). Let j = i + v. Determine z(j).
5
Let u be (5 - 6)/(2/(-6)). Let i(n) = 1 - 2*n + 0*n**3 - n**3 + 6*n - u*n**2. Give i(-4).
1
Let r be ((-9)/6)/((-3)/4). Let z(i) = -5*i**2 + 4*i + 2*i**2 - 3 + 1. Determine z(r).
-6
Suppose 4*m = 3*m + 40. Let z be (5/20)/(2/m). Let n(x) = -5*x**2 + 8*x - 2. Let c(a) = 11*a**2 - 17*a + 4. Let s(d) = 4*c(d) + 9*n(d). Give s(z).
-7
Let o(u) = -6*u**2 + 2*u + 1. Suppose x = r - 0 + 3, -3*r - 3 = 0. Suppose p + x*p + 13 = -5*t, 0 = -5*p + t - 3. Give o(p).
-7
Let z(x) = -x**3 + 13*x**2 - 6*x + 10. Let t(k) = -3*k**3 + 38*k**2 - 18*k + 29. Let n(o) = -4*t(o) + 11*z(o). What is n(8)?
-22
Let w(g) = -5*g**3 + 7*g**2 + 2*g + 1. Let b(d) = 11*d**3 - 15*d**2 - 5*d - 3. Let o(j) = 4*b(j) + 9*w(j). Determine o(3).
-9
Suppose -16 = -2*n - 4*q, 2*q = -q + 3. Let u(o) = -3 - 5 + o - 2 + 5. Determine u(n).
1
Let y(s) = s**2 - s - 1. Let w(n) = n**3 - 5*n**2 - 4*n + 9. Suppose -5*b + 19 = 3*v, 3 = v - 0*v. Let k = -1 + b. Let m(t) = k*w(t) + 3*y(t). Give m(4).
10
Let s(w) be the second derivative of w**6/360 - w**4/6 - 2*w. Let r(a) be the third derivative of s(a). Suppose 3*q + 3 - 9 = 0. What is r(q)?
4
Suppose -3*x = -25 - 2. Suppose 0 = 3*t - 0*t - x. Let c(w) = -5 - w + 3 + t + 0. What is c(6)?
-5
Let s(r) = -7*r - 21. Let x(a) = 2*a + 5. Let w(h) = -5*s(h) - 21*x(h). Calculate w(-1).
7
Let z(v) = -3*v + 2. Let f(g) = 2*g**2 + 2*g + 1. Let d be f(-2). Let n = d - 9. What is z(n)?
14
Let x(f) = 4*f**3 - 5*f - 1. Let y(w) = 7*w**3 - 9*w - 1. Let z(o) = -5*x(o) + 3*y(o). Let g be z(2). Let a(b) = -3 + 3*b - g*b + 2*b. Determine a(3).
-6
Let k(o) = -2*o**2 - 3*o + 2. Let a be ((-12)/10)/(2/5). Determine k(a).
-7
Let p = 37 + -22. Suppose t - p = 4*t. Let w(b) = b**3 + 6*b**2 + 4*b - 2. What is w(t)?
3
Let f(i) = -2*i - 1 + 0 - 3 + i. Let p(c) = -c**3 + 4*c**2 + 4*c. Let r be p(5). Let u = r + 0. Determine f(u).
1
Let k = 19 - 13. Let y(z) = 4 - z**2 - 4 + 4*z + k. Let r be 2/(-5) + 351/65. Calculate y(r).
1
Let c be (14/(-4))/((-12)/24). Let n(y) = -y**3 + 6*y**2 + 10*y - 2. What is n(c)?
19
Let u(k) be the second derivative of k**4/24 - k**3/3 + k**2/2 + 4*k. Let g(a) be the first derivative of u(a). What is g(6)?
4
Let z(p) = -4*p**3 + 3*p**2 + 5*p**3 + p - 7 + 10. Calculate z(-3).
0
Let k(a) = a + 6. Suppose -3*b + 3 = 0, 9 = -5*x + 3*x - 3*b. Determine k(x).
0
Let n(i) be the first derivative of -1/24*i**4 - 2 + 1/30*i**5 + 0*i + 0*i**2 + 1/3*i**3. Let a(b) be the third derivative of n(b). What is a(-1)?
-5
Let o(b) be the first derivative of b**4/4 - 5*b**3/3 + 5*b**2/2 - 2*b + 2. Suppose 0 = 2*i - 2 - 4. Let n be o(i). Let k(a) = -a + 2. Determine k(n).
7
Let d(k) = -k**2 + 4*k - 4. Let c = 29 + -60. Let x be c/(-5) - 1/5. Suppose -x*o + 2*o + 4 = -4*f, 4*f - o = 8. Calculate d(f).
-1
Let a(z) = -z - 9. Let y(q) = -2 + 6*q**2 - 5*q - q**3 + 0*q**3 - 5 + 0*q. Let u be y(5). Calculate a(u).
-2
Let w(x) be the first derivative of x**4/4 + x**3 + x**2 + 3. Let z be -3 + 1 - 0/2. Give w(z).
0
Let k(n) = -1. Let r(p) = 2*p - 17. Let h(x) = -4*k(x) + r(x). Calculate h(6).
-1
Suppose 24 - 414 = -5*y. Let v be (y/12)/((-2)/(-4)). Let u(p) = p**3 - 12*p**2 - 13*p - 5. Let x be u(v). Let o(m) = m**3 + 5*m**2 - 2*m + 1. What is o(x)?
11
Let r(h) = h**3 - 5*h**2 + h - 4. Let k(q) be the first derivative of -q**4/4 - 2*q**3 - q**2/2 - q + 3. Let n be k(-6). Give r(n).
1
Let a(n) = -n**3 + 2*n**2 + 3*n + 4. Let j(w) = 3*w - 3. Suppose -11 = -5*s + y, 2*y = -3*s - 0*y + 4. Let f be j(s). Suppose f*q + 0 = 9. Determine a(q).
4
Let p(g) be the first derivative of -g**5/60 + g**4/8 + 5*g**3/6 - 4*g**2 + 4. Let f(a) be the second derivative of p(a). Suppose 2*k = 4*k - 10. Give f(k).
-5
Let q(k) be the second derivative of -k**3/2 + 3*k**2 - k. Let z(i) = -i**3 + 20*i**2 + 23*i - 38. Let n be z(21). What is q(n)?
-6
Suppose -4*u + 3*u = 2. Let j(w) = w**2 + 2*w + 2. What is j(u)?
2
Suppose 4*j = 8*j - 16. Let o be -2*((-6)/j - -1). Let t(y) be the first derivative of y**4/2 + y**2 - y + 10. Determine t(o).
3
Let d(t) = -t. Let o(v) = v**2 - 11*v - 9. Let g be o(12). Determine d(g).
-3
Let s(h) be the first derivative of -h**3/3 - 5*h**2/2 - 2*h - 7. Determine s(-3).
4
Let f(r) = 1 + 5 - 3 - 4 + 6*r. Suppose -5*x - 2*l + 10 = 0, -4*x - l = -4*l - 31. Suppose 0 = -c + 4*c + x*u + 15, 2*c + 2*u + 8 = 0. Determine f(c).
-7